{"id":1695,"date":"2026-01-18T12:35:37","date_gmt":"2026-01-18T17:35:37","guid":{"rendered":"https:\/\/industriacolibri.com\/?post_type=product&#038;p=1695"},"modified":"2026-01-18T12:36:09","modified_gmt":"2026-01-18T17:36:09","slug":"access-point-ax3600-p-techo-wifi-6","status":"publish","type":"product","link":"https:\/\/industriacolibri.com\/?product=access-point-ax3600-p-techo-wifi-6","title":{"rendered":"ACCESS POINT AX3600 P\/TECHO WIFI 6"},"content":{"rendered":"<p>ACCESS POINT AX3600 P\/TECHO WIFI 6<\/p>\n<p>TP-EAP650-OUTDOOR<\/p>\n<ul>\n<li><span>Wi-Fi ultrarr\u00e1pido 6 velocidades<\/span><span>: 1148 Mbps simult\u00e1neos en 2.4 GHz y 2402 Mbps en 5 GHz totalizan velocidades de Wi-Fi de 3550 Mbps.<\/span><\/li>\n<li><span>Conectividad de alta densidad<\/span><span>: 4 veces mayor capacidad para conectar m\u00e1s dispositivos simult\u00e1neamente.\u00a0<\/span><\/li>\n<li><span>Integrado en Omada SDN<\/span><span>: Zero-Touch Provisioning (ZTP) (provisionamiento sin intervenci\u00f3n), Administraci\u00f3n centralizada de la nube y Monitoreo inteligente.<\/span><\/li>\n<li><span>Administraci\u00f3n centralizada<\/span><span>: acceso a la nube y aplicaci\u00f3n Omada para una administraci\u00f3n f\u00e1cil y c\u00f3moda.<\/span><\/li>\n<li><span>Puerto 2.5G<\/span><span>: un puerto Ethernet de 2.5 Gbps aumenta el rendimiento total de Internet.<\/span><\/li>\n<li><span>Roaming sin interrupciones<\/span><span>: incluso las transmisiones de video y las llamadas de voz no se ven afectadas a medida que los usuarios se mueven entre ubicaciones.<\/span><\/li>\n<li><span>Soporte PoE +<\/span><span>: admite alimentaci\u00f3n por Ethernet (802.3at) para una implementaci\u00f3n e instalaci\u00f3n conveniente.<\/span><\/li>\n<li><span>Red de invitados segura<\/span><span>: junto con m\u00faltiples opciones de autenticaci\u00f3n (SMS \/ Facebook Wi-Fi \/ Voucher, etc.) y abundantes tecnolog\u00edas de seguridad inal\u00e1mbrica.<\/span><\/li>\n<\/ul>\n","protected":false},"excerpt":{"rendered":"<p>ACCESS POINT AX3600 P\/TECHO WIFI 6 TP-EAP650-OUTDOOR Wi-Fi ultrarr\u00e1pido 6 velocidades: 1148 Mbps simult\u00e1neos en 2.4 GHz y 2402 Mbps<\/p>\n","protected":false},"featured_media":1745,"comment_status":"open","ping_status":"closed","template":"","meta":[],"product_brand":[],"product_cat":[171],"product_tag":[],"class_list":{"0":"post-1695","1":"product","2":"type-product","3":"status-publish","4":"has-post-thumbnail","6":"product_cat-router-inalambricos","8":"first","9":"instock","10":"shipping-taxable","11":"purchasable","12":"product-type-simple"},"jetpack_sharing_enabled":true,"_links":{"self":[{"href":"https:\/\/industriacolibri.com\/index.php?rest_route=\/wp\/v2\/product\/1695","targetHints":{"allow":["GET"]}}],"collection":[{"href":"https:\/\/industriacolibri.com\/index.php?rest_route=\/wp\/v2\/product"}],"about":[{"href":"https:\/\/industriacolibri.com\/index.php?rest_route=\/wp\/v2\/types\/product"}],"replies":[{"embeddable":true,"href":"https:\/\/industriacolibri.com\/index.php?rest_route=%2Fwp%2Fv2%2Fcomments&post=1695"}],"wp:featuredmedia":[{"embeddable":true,"href":"https:\/\/industriacolibri.com\/index.php?rest_route=\/wp\/v2\/media\/1745"}],"wp:attachment":[{"href":"https:\/\/industriacolibri.com\/index.php?rest_route=%2Fwp%2Fv2%2Fmedia&parent=1695"}],"wp:term":[{"taxonomy":"product_brand","embeddable":true,"href":"https:\/\/industriacolibri.com\/index.php?rest_route=%2Fwp%2Fv2%2Fproduct_brand&post=1695"},{"taxonomy":"product_cat","embeddable":true,"href":"https:\/\/industriacolibri.com\/index.php?rest_route=%2Fwp%2Fv2%2Fproduct_cat&post=1695"},{"taxonomy":"product_tag","embeddable":true,"href":"https:\/\/industriacolibri.com\/index.php?rest_route=%2Fwp%2Fv2%2Fproduct_tag&post=1695"}],"curies":[{"name":"wp","href":"https:\/\/api.w.org\/{rel}","templated":true}]}}