{"id":1638,"date":"2026-01-18T12:35:06","date_gmt":"2026-01-18T17:35:06","guid":{"rendered":"https:\/\/industriacolibri.com\/?post_type=product&#038;p=1638"},"modified":"2026-01-18T12:35:19","modified_gmt":"2026-01-18T17:35:19","slug":"zocalo-para-sensorse-sco-y-sdn","status":"publish","type":"product","link":"https:\/\/industriacolibri.com\/?product=zocalo-para-sensorse-sco-y-sdn","title":{"rendered":"ZOCALO PARA SENSORSE SCO Y SDN"},"content":{"rendered":"<p class=\"h3\">ZOCALO PARA SENSORSE SCO Y SDN<\/p>\n<p>CO-ZSCO<\/p>\n<ul style=\"font-weight: 400;\">\n<li>Compatible con centrales convencionales modelo CCO y MiniCO, y centrales direccionables modelo ZafirCO.<\/li>\n<li>La base del sensor admite instalaciones con tubo de \u00d816 mm.<\/li>\n<li>Led rojo que permite identificar la comunicaci\u00f3n del sensor y las concentraciones de ventilaciones y alarma.<\/li>\n<li>Conectado con centrales direccionables, admite modo mantenimiento para verificar el estado del sensor al enfrentarlo al gas de prueba.<\/li>\n<li>Contiene n\u00famero de programaci\u00f3n para permitir identificarlo en las centrales direccionables.<\/li>\n<li>Sistema dise\u00f1ado seg\u00fan norma europea EN 50545-1 con sensores de difusi\u00f3n calibrados en f\u00e1brica.<\/li>\n<li>Sistema certificado UNE 23300.<\/li>\n<\/ul>\n","protected":false},"excerpt":{"rendered":"<p>ZOCALO PARA SENSORSE SCO Y SDN CO-ZSCO Compatible con centrales convencionales modelo CCO y MiniCO, y centrales direccionables modelo ZafirCO.<\/p>\n","protected":false},"featured_media":1668,"comment_status":"open","ping_status":"closed","template":"","meta":[],"product_brand":[],"product_cat":[31],"product_tag":[],"class_list":{"0":"post-1638","1":"product","2":"type-product","3":"status-publish","4":"has-post-thumbnail","6":"product_cat-alarmas-contra-incendios","8":"first","9":"instock","10":"shipping-taxable","11":"purchasable","12":"product-type-simple"},"jetpack_sharing_enabled":true,"_links":{"self":[{"href":"https:\/\/industriacolibri.com\/index.php?rest_route=\/wp\/v2\/product\/1638","targetHints":{"allow":["GET"]}}],"collection":[{"href":"https:\/\/industriacolibri.com\/index.php?rest_route=\/wp\/v2\/product"}],"about":[{"href":"https:\/\/industriacolibri.com\/index.php?rest_route=\/wp\/v2\/types\/product"}],"replies":[{"embeddable":true,"href":"https:\/\/industriacolibri.com\/index.php?rest_route=%2Fwp%2Fv2%2Fcomments&post=1638"}],"wp:featuredmedia":[{"embeddable":true,"href":"https:\/\/industriacolibri.com\/index.php?rest_route=\/wp\/v2\/media\/1668"}],"wp:attachment":[{"href":"https:\/\/industriacolibri.com\/index.php?rest_route=%2Fwp%2Fv2%2Fmedia&parent=1638"}],"wp:term":[{"taxonomy":"product_brand","embeddable":true,"href":"https:\/\/industriacolibri.com\/index.php?rest_route=%2Fwp%2Fv2%2Fproduct_brand&post=1638"},{"taxonomy":"product_cat","embeddable":true,"href":"https:\/\/industriacolibri.com\/index.php?rest_route=%2Fwp%2Fv2%2Fproduct_cat&post=1638"},{"taxonomy":"product_tag","embeddable":true,"href":"https:\/\/industriacolibri.com\/index.php?rest_route=%2Fwp%2Fv2%2Fproduct_tag&post=1638"}],"curies":[{"name":"wp","href":"https:\/\/api.w.org\/{rel}","templated":true}]}}