{"id":1291,"date":"2026-01-18T12:30:47","date_gmt":"2026-01-18T17:30:47","guid":{"rendered":"https:\/\/industriacolibri.com\/?post_type=product&#038;p=1291"},"modified":"2026-01-18T12:31:07","modified_gmt":"2026-01-18T17:31:07","slug":"cerradura-electrica-bce-1821","status":"publish","type":"product","link":"https:\/\/industriacolibri.com\/?product=cerradura-electrica-bce-1821","title":{"rendered":"CERRADURA ELECTRICA BCE-1821"},"content":{"rendered":"<p>CERRADURA EL\u00c9CTRICA BCE-1821<\/p>\n<ul>\n<li>CERRADURA EL\u00c9CTRICA<\/li>\n<li>CON BOT\u00d3N<\/li>\n<li>DOBLE LLAVE REVERSIBLE<\/li>\n<li>UTILIZA TRANSFORMADOR DE 12 A 18 V<\/li>\n<\/ul>\n","protected":false},"excerpt":{"rendered":"<p>CERRADURA EL\u00c9CTRICA BCE-1821 CERRADURA EL\u00c9CTRICA CON BOT\u00d3N DOBLE LLAVE REVERSIBLE UTILIZA TRANSFORMADOR DE 12 A 18 V<\/p>\n","protected":false},"featured_media":1323,"comment_status":"open","ping_status":"closed","template":"","meta":[],"product_brand":[],"product_cat":[30],"product_tag":[147,148],"class_list":{"0":"post-1291","1":"product","2":"type-product","3":"status-publish","4":"has-post-thumbnail","6":"product_cat-videoporteros","7":"product_tag-cerradura-electrica","8":"product_tag-chapa-electrica","10":"first","11":"instock","12":"shipping-taxable","13":"purchasable","14":"product-type-simple"},"jetpack_sharing_enabled":true,"_links":{"self":[{"href":"https:\/\/industriacolibri.com\/index.php?rest_route=\/wp\/v2\/product\/1291","targetHints":{"allow":["GET"]}}],"collection":[{"href":"https:\/\/industriacolibri.com\/index.php?rest_route=\/wp\/v2\/product"}],"about":[{"href":"https:\/\/industriacolibri.com\/index.php?rest_route=\/wp\/v2\/types\/product"}],"replies":[{"embeddable":true,"href":"https:\/\/industriacolibri.com\/index.php?rest_route=%2Fwp%2Fv2%2Fcomments&post=1291"}],"wp:featuredmedia":[{"embeddable":true,"href":"https:\/\/industriacolibri.com\/index.php?rest_route=\/wp\/v2\/media\/1323"}],"wp:attachment":[{"href":"https:\/\/industriacolibri.com\/index.php?rest_route=%2Fwp%2Fv2%2Fmedia&parent=1291"}],"wp:term":[{"taxonomy":"product_brand","embeddable":true,"href":"https:\/\/industriacolibri.com\/index.php?rest_route=%2Fwp%2Fv2%2Fproduct_brand&post=1291"},{"taxonomy":"product_cat","embeddable":true,"href":"https:\/\/industriacolibri.com\/index.php?rest_route=%2Fwp%2Fv2%2Fproduct_cat&post=1291"},{"taxonomy":"product_tag","embeddable":true,"href":"https:\/\/industriacolibri.com\/index.php?rest_route=%2Fwp%2Fv2%2Fproduct_tag&post=1291"}],"curies":[{"name":"wp","href":"https:\/\/api.w.org\/{rel}","templated":true}]}}